 z + 7. What is the units digit of l?
5
Let g(t) = t**3 - t. Let o(d) = -5*d**3 - d**2 + 7*d - 1. Let h(q) = 6*g(q) + o(q). Let u be h(0). Let p = 3 + u. What is the units digit of p?
2
Let s(v) = v**2 + v - 2. Let y be s(-3). Suppose 17 = -y*c - j, 6 + 17 = -c - 4*j. Let r = c - -4. What is the units digit of r?
1
Suppose 0*l + 2*l - 48 = 0. Suppose -x + l = x. What is the tens digit of x?
1
Suppose 2*z - 26 - 6 = 0. What is the tens digit of z?
1
Let w(j) = -13 + 3*j + 16 + 5*j**3 - 4*j**3 - 6*j**2. Suppose -3 = -3*r, d + 4*r = 7*r + 3. What is the units digit of w(d)?
1
Let i = -9 + 29. What is the units digit of i?
0
Let i(a) = 2*a**2 - 3*a - 5. Let x be i(6). Suppose 13 - x = -3*k. What is the units digit of k?
2
Let i be -4 - 1*4/2. Let f(t) = -t**3 - 7*t**2 - 6*t + 5. Let g be f(i). Suppose -9 = -2*k + g. What is the units digit of k?
7
Suppose 2*b = 6*b - d - 532, 4*d = 4*b - 520. What is the hundreds digit of b?
1
Suppose -2*m = -3*m, m = -5*z + 650. What is the hundreds digit of z?
1
Let w(c) be the first derivative of 3*c**4/2 - c**3/3 + c**2/2 - c + 1. Let f be (-24)/(-15) - (-3)/(-5). What is the units digit of w(f)?
5
Let j be 4/4*(-26 - 0). Let u = -14 - j. What is the units digit of u?
2
Suppose 0 = 2*f - 7 - 7. What is the units digit of f?
7
Suppose q = -3 + 35. What is the tens digit of q?
3
Let z(j) = 14*j**3 + j. Let n(q) = -q**3 - 3*q**2 + 1. Suppose 2*d + 4 + 2 = 0. Let h be n(d). What is the tens digit of z(h)?
1
Let n = 14 + -5. Suppose 4*i - 47 = -4*o + n, 5*o = -i + 74. Let u = o + -10. What is the units digit of u?
5
Suppose 142 = 4*v - 2*r, -5*r - 10 = -3*v + 86. What is the tens digit of v?
3
Let k(m) = 61*m + 6 - 3 - 2 - 14*m. What is the tens digit of k(1)?
4
Suppose -2*z = -t - 83, 160 = z + 3*z - 4*t. What is the tens digit of z?
4
Let u(y) = y**3 + 3*y**2 - 4*y + 4. Let k be u(-4). Suppose -3*x - 2*g = 14, 5*x + 5*g = k*g - 28. What is the units digit of 70/9 + x/(-27)?
8
Let p(g) = g - 1. Suppose -2*l + 7*l - 6 = -2*d, -4*l + 4*d = -16. What is the units digit of p(l)?
1
Let i(r) = -r**3 - 2*r**2 - r + 5. What is the units digit of i(-4)?
1
Suppose -5*j + 12 = 2. Suppose m + 2*t = 52, -3*t = 3*m + j*t - 153. What is the units digit of m?
6
What is the tens digit of ((-20)/10)/(1/(-24))?
4
Let p = -6 + 2. What is the tens digit of (-25 - -1)/(6/p)?
1
Suppose -2*q + 0*w - 9 = 3*w, -4*q - w = 33. Let x = -15 - q. What is the units digit of 2/x + 7/3?
2
Suppose -1 = -2*k + 7. Suppose 0 = k*p - 13 - 7. Suppose -p*h = -0*h - 10. What is the units digit of h?
2
Let u = 37 + -12. What is the units digit of u?
5
Let a = -5 + 7. Suppose 4*u = -a*q - 0*q - 10, 25 = -5*u. What is the units digit of q?
5
Suppose k + 8 = 5*k. Suppose k*w = 4*p - 16, -4 = -3*w + w. What is the units digit of p?
5
Suppose 3*m - 28 = -m - 4*d, -4*m + d + 3 = 0. Suppose -6*n + 32 = a - n, m*a - n - 9 = 0. What is the units digit of a?
7
Let f(n) = -n**3 - 6*n**2 + 8*n + 4. Let o be f(-7). Let z be (o/(-6) - -1)*56. Suppose -14 + z = 5*v. What is the units digit of v?
4
What is the units digit of 6*(3 + 75/6)?
3
Suppose 3*b - 6 = 0, -5*f - 4*b + 0 + 3 = 0. Let m be f + 2 + (36 - 3). Suppose -3*o + m - 10 = 0. What is the units digit of o?
8
Let b = 76 - 42. Let z = -21 + b. What is the units digit of z?
3
Let g(s) = 251*s**3 - 11*s**2 - 5*s + 11. Let j(n) = -50*n**3 + 2*n**2 + n - 2. Let d(l) = -2*g(l) - 11*j(l). What is the units digit of d(1)?
7
Suppose -40 = -5*w + w. Suppose 2*i - 3*z - 2 = -2*i, -3*i = 2*z - w. What is the units digit of i?
2
Suppose 3*c - 48 = -c. Suppose 5*w - 39 = a + c, 0 = -4*w + 5*a + 24. What is the tens digit of w?
1
Let x(p) = -p - 3. Let b be x(-7). Suppose b*y = 26 + 30. What is the units digit of y?
4
Let q(j) = -7*j - 7. Let n(p) = -8*p - 8. Let c(w) = 6*n(w) - 7*q(w). Let k be c(1). Suppose 0 = -0*z + k*z - 30. What is the units digit of z?
5
Suppose -5*f + 2*f + 15 = 0. What is the units digit of f?
5
Let j = -15 + 25. Let r = -2 + j. What is the units digit of r?
8
Let s(c) = -14*c - 1. What is the tens digit of s(-2)?
2
Let o(w) = -w - 10. Let z be o(-7). Let f be z + (3 + -2 - 2). What is the units digit of 30/4 - 2/f?
8
Let u = -5 - -8. Suppose 5*t + 24 = o + 82, -o = u. Suppose -t = -2*z - 3. What is the units digit of z?
4
Let a(x) be the third derivative of -x**5/60 - x**4/24 + 11*x**3/2 - 7*x**2. What is the units digit of a(0)?
3
Suppose j - 2*k - 10 = 0, -5*k = -2*j + 18 + 5. Suppose 2*p = 7*p - j*s - 83, p = s + 17. What is the units digit of p?
5
Suppose 3*y - 42 = 3. Suppose 0 = -0*s + 5*s - y. Suppose f = s*f - 14. What is the units digit of f?
7
Let d(t) = t**3 + 9*t**2 + 8*t - 2. Let j be d(-8). Let v be 1 - j/(-4)*-2. Suppose -2*y = r - 14, 14 = v*r - 3*r + 5*y. What is the units digit of r?
6
Let t(p) = p**3 + 7*p**2 + 9*p + 8. Let i be t(-6). Suppose -2*q - 5*c + 5 = 0, -4*q + 5*c - c - 32 = 0. Let r = q - i. What is the units digit of r?
5
Let a(n) = 4*n**2 + 7*n + 11. What is the units digit of a(-6)?
3
Suppose 3*z = -4*j + 28, -3*z + z = -2*j + 14. What is the units digit of j?
7
Let b = -2 - -5. Suppose -5 = b*z - 4*z. What is the units digit of z?
5
Let z be -4*((-1)/4 + 2). Let w(s) = s + 17. What is the tens digit of w(z)?
1
Let z = 46 - 33. What is the tens digit of z?
1
Let o(a) = -a**2 + a + 1. Suppose 4*p + 10*i - 5*i = 12, 5*i - 3 = -p. Let g be o(p). Let x = 9 + g. What is the units digit of x?
4
Let m(s) be the second derivative of s**4/12 + 5*s**3/3 + 11*s**2/2 - s. What is the units digit of m(-9)?
2
Let h = 2 - 8. Let j be 1/h + 50/12. Suppose j*b - 4*s = 56, -2*b + 5*b = -4*s + 14. What is the tens digit of b?
1
Let t(y) = -y**2 + y + 1. Let z be t(2). Let d be -15*z/((-5)/2). Let h(q) = -q. What is the units digit of h(d)?
6
Let t(d) = d**3 + d**2 + 12. Let h be t(0). Suppose -k + 2*k = h. Let z = -7 + k. What is the units digit of z?
5
Suppose -12 = -5*h + 8. Suppose 4*i = 3*i + h. Suppose -10 = 2*f + i*b, -f = f + 2*b. What is the units digit of f?
5
Let s(u) = u**2 - 10*u + 7. Let f be s(7). Let j be (-3 - -2)/((-2)/f). Let h = j - -11. What is the units digit of h?
4
Let b = -5 + 8. What is the units digit of (-4 + 1)/b*-13?
3
Suppose -w = 2*s - 10 - 3, 4*w - 63 = 3*s. Suppose 0 = -x + 4*x + w. Let q = 9 + x. What is the units digit of q?
4
Let b(m) = -m**2 + 13*m - 4. What is the tens digit of b(6)?
3
Let j be (16/(-6) - -2)*-6. Suppose -j*b + 29 = -0*z - 3*z, 3*b - 3*z - 24 = 0. What is the units digit of b?
5
Let m = 448 - 139. What is the hundreds digit of m?
3
Suppose 0 = -4*m - 4*i + 76, 2*m + 2*i - 66 = -2*m. Suppose -5*p + 109 = m. What is the units digit of p?
9
Suppose -512 = -4*x + i, 2*x - 115 = x - 3*i. What is the tens digit of x?
2
Let i = -4 + 19. Suppose -i = -2*q - b, -b - 5 = -q - q. Suppose 0*a + q*a = -2*w + 10, -a = -3*w - 19. What is the units digit of a?
4
Let a(x) be the third derivative of -x**4/6 + x**3/6 + x**2. What is the units digit of a(-2)?
9
Let b be 1/(14/4 + -3). What is the tens digit of 1*b + 19 + -2?
1
Let v = -87 - -54. Let a = -19 - v. What is the tens digit of a?
1
Let j = -11 - -29. Suppose -3*y + 0*y - j = 0. Let x = -4 - y. What is the units digit of x?
2
Let x = 23 + -2. Let j = x + -13. What is the units digit of j?
8
Suppose 2*c - 3*k = 2*k + 21, -3*k - 9 = 0. Let d(i) = -c*i + 3*i + 5*i - 4*i + 5*i**2. What is the units digit of d(1)?
6
Suppose 298 = 5*k + 2*n, 5*k - 286 = -2*n + 3*n. Suppose y + 2*c - 13 = 3, 4*y + 5*c = k. Let q = -4 + y. What is the units digit of q?
8
What is the tens digit of (-49)/(-14) + -4 - (-507)/2?
5
Suppose 255 + 269 = 4*v. What is the tens digit of v?
3
Let t(n) = -3*n + 10. Let c(a) = -2*a + 9. Let j(o) = 7*c(o) - 6*t(o). What is the tens digit of j(3)?
1
Let d(x) be the second derivative of 5*x**4/12 + x**3/2 - x. What is the tens digit of d(-2)?
1
Let v be (-30)/9 - 3/(-9). Let u be 2/3 + (-4)/v. Suppose -2*q - u*y = 0, 3*y - 1 = -5*q + q. What is the units digit of q?
1
Let o be ((-2)/(-4))/((-2)/32). Let t(m) = -m**3 - 9*m**2 - 10*m - 8. What is the units digit of t(o)?
8
Let c(d) = 2*d + 13. What is the units digit of c(-5)?
3
Let j = -11 - -5. Let y be (0/(-1) + j)/2. Let i(v) = v**3 + 4*v**2 - v - 4. What is the units digit of i(y)?
8
What is the tens digit of 18*((-5)/(-3))/